{"id":1584,"date":"2026-02-24T18:59:38","date_gmt":"2026-02-24T18:59:38","guid":{"rendered":"https:\/\/josegiribas.com\/?page_id=1584"},"modified":"2026-03-23T16:42:11","modified_gmt":"2026-03-23T16:42:11","slug":"centro-metropolitano-de-fotografia","status":"publish","type":"page","link":"https:\/\/josegiribas.com\/es\/centro-metropolitano-de-fotografia\/","title":{"rendered":"Centro metropolitano de fotograf\u00eda y la Imagen"},"content":{"rendered":"<p>La fotograf\u00eda, un medio fundamental para expresar, recordar y documentar, es hoy una pr\u00e1ctica cotidiana para la mayor\u00eda. Sin embargo, el vasto universo detr\u00e1s de su descubrimiento, historia, t\u00e9cnicas y valor patrimonial permanece en gran parte desconocido. Para abordar esta brecha, surge el Centro Metropolitano de Fotograf\u00eda en Santiago de Chile, un espacio cultural que busca democratizar el acceso al conocimiento y la pr\u00e1ctica del \u00aboctavo arte\u00bb.<\/p>\n<figure id=\"attachment_1588\" aria-describedby=\"caption-attachment-1588\" style=\"width: 1000px\" class=\"wp-caption aligncenter\"><img loading=\"lazy\" decoding=\"async\" class=\"wp-image-1588 size-full\" src=\"https:\/\/josegiribas.com\/wp-content\/uploads\/2026\/02\/01.jpg\" alt=\"\" width=\"1000\" height=\"667\" srcset=\"https:\/\/josegiribas.com\/wp-content\/uploads\/2026\/02\/01.jpg 1000w, https:\/\/josegiribas.com\/wp-content\/uploads\/2026\/02\/01-300x200.jpg 300w, https:\/\/josegiribas.com\/wp-content\/uploads\/2026\/02\/01-768x512.jpg 768w\" sizes=\"auto, (max-width: 1000px) 100vw, 1000px\" \/><figcaption id=\"caption-attachment-1588\" class=\"wp-caption-text\">De izq.a der.: los fundadores del CMFI: Jos\u00e9 Girib\u00e1s, fot\u00f3grafo, Silvia Aguilera y Paulo Slaschevsky, directores de la editorial LOM. Foto: \u00a9 Alejandro Girib\u00e1s M.<\/figcaption><\/figure>\n<p>Este innovador espacio se materializar\u00e1, en primera instancia, gracias a la generosa donaci\u00f3n de un fot\u00f3grafo chileno exiliado en Alemania. Oriundo de una familia humilde del barrio de Recoleta, el no solo cumpli\u00f3 su sue\u00f1o de ser fot\u00f3grafo, sino que tambi\u00e9n se convirti\u00f3 en un coleccionista apasionado. Su invaluable acervo incluye m\u00e1s de cien c\u00e1maras (desde modelos hist\u00f3ricos hasta contempor\u00e1neos), daguerrotipos, lentes, seiscientos libros especializados y un gran archivo de fotograf\u00edas. Este patrimonio ser\u00e1 administrado por la Fundaci\u00f3n Cultural LOM, quien garantizar\u00e1 su preservaci\u00f3n y acceso p\u00fablico.<\/p>\n<figure id=\"attachment_1590\" aria-describedby=\"caption-attachment-1590\" style=\"width: 1000px\" class=\"wp-caption aligncenter\"><img loading=\"lazy\" decoding=\"async\" class=\"wp-image-1590 size-full\" src=\"https:\/\/josegiribas.com\/wp-content\/uploads\/2026\/02\/03.jpg\" alt=\"\" width=\"1000\" height=\"750\" srcset=\"https:\/\/josegiribas.com\/wp-content\/uploads\/2026\/02\/03.jpg 1000w, https:\/\/josegiribas.com\/wp-content\/uploads\/2026\/02\/03-300x225.jpg 300w, https:\/\/josegiribas.com\/wp-content\/uploads\/2026\/02\/03-768x576.jpg 768w\" sizes=\"auto, (max-width: 1000px) 100vw, 1000px\" \/><figcaption id=\"caption-attachment-1590\" class=\"wp-caption-text\">Foto: \u00a9 Jos\u00e9 Girib\u00e1s M.<\/figcaption><\/figure>\n<p>El Centro, estar\u00e1 ubicado en un espacio facilitado por LOM Ediciones en el barrio Concha y Toro, ser\u00e1 un punto de encuentro con \u00e1reas de consulta, exhibici\u00f3n y laboratorio fotogr\u00e1fico. Aqu\u00ed se desarrollar\u00e1n actividades gratuitas como talleres, exposiciones temporales, presentaciones de libros, encuentros y charlas, abiertas a todo p\u00fablico.<\/p>\n<p>Este centro no solo preserva un legado invaluable, sino que tambi\u00e9n fomenta la observaci\u00f3n consciente del entorno, permitiendo a los participantes utilizar la fotograf\u00eda como herramienta para documentar, interpretar y transformar su realidad cotidiana, convirti\u00e9ndolos en protagonistas de su propia historia.<\/p>\n<p>Lom, proyecto cultural que funda y acoge el Centro Metropolitano de la Fotograf\u00eda, es una editorial chilena, independiente, con 35 a\u00f1os y un cat\u00e1logo vivo de m\u00e1s de 1800 t\u00edtulos, entre los cuales m\u00e1s de 50 de fotograf\u00eda. Lom publica en promedio setenta t\u00edtulos al a\u00f1o.<\/p>\n<p>Su cat\u00e1logo muestra una gran diversidad tem\u00e1tica, de g\u00e9neros y disciplinas en Ciencias sociales, literatura y fotograf\u00eda. Su l\u00ednea editorial se orienta a la creaci\u00f3n, la memoria y la historia. Ha publicado a autores claves de Chile, Latinoam\u00e9rica y de otras latitudes.<\/p>\n<p style=\"font-weight: 400;\">Patrocinado por DIRAC, Direcci\u00f3n de Asuntos Culturales del Ministerio de Relaciones Exteriores de Chile, el Instituto Goethe y la Fundacion Freelens<\/p>\n<p><img loading=\"lazy\" decoding=\"async\" class=\"alignleft wp-image-1648 \" src=\"https:\/\/josegiribas.com\/wp-content\/uploads\/2026\/03\/DIRAC-300x155.jpg\" alt=\"\" width=\"202\" height=\"105\" srcset=\"https:\/\/josegiribas.com\/wp-content\/uploads\/2026\/03\/DIRAC-300x155.jpg 300w, https:\/\/josegiribas.com\/wp-content\/uploads\/2026\/03\/DIRAC-1024x531.jpg 1024w, https:\/\/josegiribas.com\/wp-content\/uploads\/2026\/03\/DIRAC-768x398.jpg 768w, https:\/\/josegiribas.com\/wp-content\/uploads\/2026\/03\/DIRAC.jpg 1104w\" sizes=\"auto, (max-width: 202px) 100vw, 202px\" \/><br \/>\n<img loading=\"lazy\" decoding=\"async\" class=\"alignleft wp-image-1650 \" src=\"https:\/\/josegiribas.com\/wp-content\/uploads\/2026\/03\/Goethe-150x150.jpg\" alt=\"\" width=\"127\" height=\"127\" \/><br \/>\n<img loading=\"lazy\" decoding=\"async\" class=\"alignleft wp-image-1649 \" src=\"https:\/\/josegiribas.com\/wp-content\/uploads\/2026\/03\/Freelens-300x69.jpg\" alt=\"\" width=\"278\" height=\"64\" srcset=\"https:\/\/josegiribas.com\/wp-content\/uploads\/2026\/03\/Freelens-300x69.jpg 300w, https:\/\/josegiribas.com\/wp-content\/uploads\/2026\/03\/Freelens-1024x235.jpg 1024w, https:\/\/josegiribas.com\/wp-content\/uploads\/2026\/03\/Freelens-768x176.jpg 768w, https:\/\/josegiribas.com\/wp-content\/uploads\/2026\/03\/Freelens-1536x352.jpg 1536w, https:\/\/josegiribas.com\/wp-content\/uploads\/2026\/03\/Freelens-2048x469.jpg 2048w\" sizes=\"auto, (max-width: 278px) 100vw, 278px\" \/><\/p>\n","protected":false},"excerpt":{"rendered":"<p>La fotograf\u00eda, un medio fundamental para expresar, recordar y documentar, es hoy una pr\u00e1ctica cotidiana para la mayor\u00eda. Sin embargo, el vasto universo detr\u00e1s de su descubrimiento, historia, t\u00e9cnicas y valor patrimonial permanece en gran parte desconocido. Para abordar esta brecha, surge el Centro Metropolitano de Fotograf\u00eda en Santiago de Chile, un espacio cultural que&hellip;<\/p>\n","protected":false},"author":2,"featured_media":0,"parent":0,"menu_order":0,"comment_status":"closed","ping_status":"closed","template":"","meta":{"footnotes":""},"class_list":["post-1584","page","type-page","status-publish","hentry","no-post-thumbnail","post-grid-3-col","entry"],"translation":{"provider":"WPGlobus","version":"3.0.2","language":"es","enabled_languages":["de","es"],"languages":{"de":{"title":true,"content":true,"excerpt":false},"es":{"title":true,"content":true,"excerpt":false}}},"_links":{"self":[{"href":"https:\/\/josegiribas.com\/es\/wp-json\/wp\/v2\/pages\/1584","targetHints":{"allow":["GET"]}}],"collection":[{"href":"https:\/\/josegiribas.com\/es\/wp-json\/wp\/v2\/pages"}],"about":[{"href":"https:\/\/josegiribas.com\/es\/wp-json\/wp\/v2\/types\/page"}],"author":[{"embeddable":true,"href":"https:\/\/josegiribas.com\/es\/wp-json\/wp\/v2\/users\/2"}],"replies":[{"embeddable":true,"href":"https:\/\/josegiribas.com\/es\/wp-json\/wp\/v2\/comments?post=1584"}],"version-history":[{"count":27,"href":"https:\/\/josegiribas.com\/es\/wp-json\/wp\/v2\/pages\/1584\/revisions"}],"predecessor-version":[{"id":1651,"href":"https:\/\/josegiribas.com\/es\/wp-json\/wp\/v2\/pages\/1584\/revisions\/1651"}],"wp:attachment":[{"href":"https:\/\/josegiribas.com\/es\/wp-json\/wp\/v2\/media?parent=1584"}],"curies":[{"name":"wp","href":"https:\/\/api.w.org\/{rel}","templated":true}]}}

Centro metropolitano de fotografía y la Imagen

<p>La fotografía, un medio fundamental para expresar, recordar y documentar, es hoy una práctica cotidiana para la mayoría. Sin embargo, el vasto universo detrás de su descubrimiento, historia, técnicas y valor patrimonial permanece en gran parte desconocido. Para abordar esta brecha, surge el Centro Metropolitano de Fotografía en Santiago de Chile, un espacio cultural que busca democratizar el acceso al conocimiento y la práctica del «octavo arte».</p>
<figure id="attachment_1588" aria-describedby="caption-attachment-1588" style="width: 1000px" class="wp-caption aligncenter"><img loading="lazy" decoding="async" class="wp-image-1588 size-full" src="https://josegiribas.com/wp-content/uploads/2026/02/01.jpg" alt="" width="1000" height="667" srcset="https://josegiribas.com/wp-content/uploads/2026/02/01.jpg 1000w, https://josegiribas.com/wp-content/uploads/2026/02/01-300x200.jpg 300w, https://josegiribas.com/wp-content/uploads/2026/02/01-768x512.jpg 768w" sizes="auto, (max-width: 1000px) 100vw, 1000px" /><figcaption id="caption-attachment-1588" class="wp-caption-text">De izq.a der.: los fundadores del CMFI: José Giribás, fotógrafo, Silvia Aguilera y Paulo Slaschevsky, directores de la editorial LOM. Foto: © Alejandro Giribás M.</figcaption></figure>
<p>Este innovador espacio se materializará, en primera instancia, gracias a la generosa donación de un fotógrafo chileno exiliado en Alemania. Oriundo de una familia humilde del barrio de Recoleta, el no solo cumplió su sueño de ser fotógrafo, sino que también se convirtió en un coleccionista apasionado. Su invaluable acervo incluye más de cien cámaras (desde modelos históricos hasta contemporáneos), daguerrotipos, lentes, seiscientos libros especializados y un gran archivo de fotografías. Este patrimonio será administrado por la Fundación Cultural LOM, quien garantizará su preservación y acceso público.</p>
<figure id="attachment_1590" aria-describedby="caption-attachment-1590" style="width: 1000px" class="wp-caption aligncenter"><img loading="lazy" decoding="async" class="wp-image-1590 size-full" src="https://josegiribas.com/wp-content/uploads/2026/02/03.jpg" alt="" width="1000" height="750" srcset="https://josegiribas.com/wp-content/uploads/2026/02/03.jpg 1000w, https://josegiribas.com/wp-content/uploads/2026/02/03-300x225.jpg 300w, https://josegiribas.com/wp-content/uploads/2026/02/03-768x576.jpg 768w" sizes="auto, (max-width: 1000px) 100vw, 1000px" /><figcaption id="caption-attachment-1590" class="wp-caption-text">Foto: © José Giribás M.</figcaption></figure>
<p>El Centro, estará ubicado en un espacio facilitado por LOM Ediciones en el barrio Concha y Toro, será un punto de encuentro con áreas de consulta, exhibición y laboratorio fotográfico. Aquí se desarrollarán actividades gratuitas como talleres, exposiciones temporales, presentaciones de libros, encuentros y charlas, abiertas a todo público.</p>
<p>Este centro no solo preserva un legado invaluable, sino que también fomenta la observación consciente del entorno, permitiendo a los participantes utilizar la fotografía como herramienta para documentar, interpretar y transformar su realidad cotidiana, convirtiéndolos en protagonistas de su propia historia.</p>
<p>Lom, proyecto cultural que funda y acoge el Centro Metropolitano de la Fotografía, es una editorial chilena, independiente, con 35 años y un catálogo vivo de más de 1800 títulos, entre los cuales más de 50 de fotografía. Lom publica en promedio setenta títulos al año.</p>
<p>Su catálogo muestra una gran diversidad temática, de géneros y disciplinas en Ciencias sociales, literatura y fotografía. Su línea editorial se orienta a la creación, la memoria y la historia. Ha publicado a autores claves de Chile, Latinoamérica y de otras latitudes.</p>
<p style="font-weight: 400;">Patrocinado por DIRAC, Dirección de Asuntos Culturales del Ministerio de Relaciones Exteriores de Chile, el Instituto Goethe y la Fundacion Freelens</p>
<p><img loading="lazy" decoding="async" class="alignleft wp-image-1648 " src="https://josegiribas.com/wp-content/uploads/2026/03/DIRAC-300x155.jpg" alt="" width="202" height="105" srcset="https://josegiribas.com/wp-content/uploads/2026/03/DIRAC-300x155.jpg 300w, https://josegiribas.com/wp-content/uploads/2026/03/DIRAC-1024x531.jpg 1024w, https://josegiribas.com/wp-content/uploads/2026/03/DIRAC-768x398.jpg 768w, https://josegiribas.com/wp-content/uploads/2026/03/DIRAC.jpg 1104w" sizes="auto, (max-width: 202px) 100vw, 202px" /><br />
<img loading="lazy" decoding="async" class="alignleft wp-image-1650 " src="https://josegiribas.com/wp-content/uploads/2026/03/Goethe-150x150.jpg" alt="" width="127" height="127" /><br />
<img loading="lazy" decoding="async" class="alignleft wp-image-1649 " src="https://josegiribas.com/wp-content/uploads/2026/03/Freelens-300x69.jpg" alt="" width="278" height="64" srcset="https://josegiribas.com/wp-content/uploads/2026/03/Freelens-300x69.jpg 300w, https://josegiribas.com/wp-content/uploads/2026/03/Freelens-1024x235.jpg 1024w, https://josegiribas.com/wp-content/uploads/2026/03/Freelens-768x176.jpg 768w, https://josegiribas.com/wp-content/uploads/2026/03/Freelens-1536x352.jpg 1536w, https://josegiribas.com/wp-content/uploads/2026/03/Freelens-2048x469.jpg 2048w" sizes="auto, (max-width: 278px) 100vw, 278px" /></p>

<p>La fotografía, un medio fundamental para expresar, recordar y documentar, es hoy una práctica cotidiana para la mayoría. Sin embargo, el vasto universo detrás de su descubrimiento, historia, técnicas y valor patrimonial permanece en gran parte desconocido. Para abordar esta brecha, surge el Centro Metropolitano de Fotografía en Santiago de Chile, un espacio cultural que&hellip;</p>
